ime factors of 107376.
2, 3, 2237
List the prime factors of 4294363.
4294363
What are the prime factors of 180924?
2, 3, 15077
List the prime factors of 2963550.
2, 3, 5, 23, 859
List the prime factors of 743621.
347, 2143
List the prime factors of 1677253.
1677253
List the prime factors of 1097757.
3, 283, 431
List the prime factors of 107279.
107279
List the prime factors of 5541030.
2, 3, 5, 11, 29, 193
What are the prime factors of 172602?
2, 3, 43, 223
What are the prime factors of 1058994?
2, 3, 2179
List the prime factors of 14114594.
2, 13, 23, 23603
What are the prime factors of 3832581?
3, 59, 367
What are the prime factors of 2244656?
2, 53, 2647
What are the prime factors of 315300?
2, 3, 5, 1051
List the prime factors of 156128.
2, 7, 17, 41
What are the prime factors of 1861950?
2, 3, 5, 12413
What are the prime factors of 12884923?
12884923
What are the prime factors of 4572547?
7, 419, 1559
List the prime factors of 10829723.
257, 42139
What are the prime factors of 373856?
2, 7, 1669
List the prime factors of 14627852.
2, 569, 6427
List the prime factors of 122053.
122053
What are the prime factors of 417307?
11, 59, 643
What are the prime factors of 1150569?
3, 7, 2609
What are the prime factors of 214631?
214631
List the prime factors of 747758.
2, 11, 41, 829
List the prime factors of 16031534.
2, 1193, 6719
List the prime factors of 1857727.
349, 5323
What are the prime factors of 559929?
3, 17, 10979
List the prime factors of 3114694.
2, 11, 31, 4567
What are the prime factors of 15115354?
2, 613, 12329
List the prime factors of 209535.
3, 5, 61, 229
List the prime factors of 762302.
2, 563, 677
What are the prime factors of 136609?
11, 1129
List the prime factors of 53217.
3, 73
List the prime factors of 577125.
3, 5, 19
List the prime factors of 6802166.
2, 7, 563, 863
What are the prime factors of 1376144?
2, 7, 11, 1117
List the prime factors of 548459.
548459
What are the prime factors of 3377481?
3, 23, 31, 1579
What are the prime factors of 514443?
3, 171481
What are the prime factors of 1863716?
2, 465929
List the prime factors of 1476045.
3, 5, 32801
List the prime factors of 851060.
2, 5, 7, 6079
List the prime factors of 3370976.
2, 7, 101, 149
What are the prime factors of 165810?
2, 3, 5, 5527
List the prime factors of 612372.
2, 3, 51031
What are the prime factors of 289914?
2, 3, 211, 229
List the prime factors of 3417847.
3417847
What are the prime factors of 126981?
3, 4703
What are the prime factors of 12104934?
2, 3, 2017489
What are the prime factors of 527947?
7, 199, 379
List the prime factors of 1213987.
17, 71411
List the prime factors of 167825.
5, 7, 137
List the prime factors of 149336.
2, 11, 1697
What are the prime factors of 6492150?
2, 3, 5, 7, 229
What are the prime factors of 5446741?
5446741
What are the prime factors of 73358?
2, 43, 853
What are the prime factors of 1047824?
2, 43, 1523
What are the prime factors of 3117595?
5, 13, 47963
What are the prime factors of 852395?
5, 151, 1129
List the prime factors of 140566.
2, 67, 1049
List the prime factors of 323661.
3, 13, 43, 193
What are the prime factors of 997387?
47, 21221
List the prime factors of 2292399.
3, 17, 14983
List the prime factors of 343446.
2, 3, 57241
List the prime factors of 22695480.
2, 3, 5, 23, 2741
List the prime factors of 1020453.
3, 7, 48593
What are the prime factors of 499008?
2, 3, 23, 113
What are the prime factors of 22437822?
2, 3, 11, 19, 29, 617
What are the prime factors of 5206661?
5206661
List the prime factors of 1518718.
2, 759359
What are the prime factors of 3093759?
3, 173, 1987
List the prime factors of 26791200.
2, 3, 5, 61
List the prime factors of 589483.
29, 20327
List the prime factors of 8684411.
8684411
What are the prime factors of 5052576?
2, 3, 52631
What are the prime factors of 204351?
3, 7, 37, 263
What are the prime factors of 18441890?
2, 5, 1844189
List the prime factors of 1715419.
17, 100907
List the prime factors of 206146.
2, 59, 1747
What are the prime factors of 3531408?
2, 3, 73571
What are the prime factors of 7611082?
2, 103, 36947
List the prime factors of 150720.
2, 3, 5, 157
What are the prime factors of 11923643?
11923643
List the prime factors of 1473560.
2, 5, 11, 17, 197
What are the prime factors of 205794?
2, 3, 37, 103
List the prime factors of 1737386.
2, 7, 193, 643
List the prime factors of 30377.
37, 821
List the prime factors of 6349553.
7, 19, 47741
List the prime factors of 181458.
2, 3, 17, 593
List the prime factors of 284121.
3, 17, 619
List the prime factors of 21155011.
43, 491977
What are the prime factors of 7661482?
2, 43, 89087
List the prime factors of 169927.
251, 677
What are the prime factors of 72647?
72647
List the prime factors of 4157010.
2, 3, 5, 11, 13, 17, 19
What are the prime factors of 25238?
2, 12619
What are the prime factors of 402427?
107, 3761
List the prime factors of 606137.
7, 131, 661
List the prime factors of 213602.
2, 106801
List the prime factors of 2353468.
2, 13, 45259
What are the prime factors of 388562?
2, 23, 8447
List the prime factors of 23119708.
2, 89, 101, 643
List the prime factors of 1073952.
2, 3, 11, 113
What are the prime factors of 18899?
18899
What are the prime factors of 1034667?
3, 38321
List the prime factors of 3638759.
3638759
What are the prime factors of 6799317?
3, 7, 41, 53, 149
What are the prime factors of 1108038?
2, 3, 151, 1223
List the prime factors of 27839366.
2, 13919683
What are the prime factors of 359585?
5, 71917
List the prime factors of 686163.
3, 331, 691
List the prime factors of 5256371.
5256371
List the prime factors of 25033145.
5, 577, 8677
List the prime factors of 1247997.
3, 415999
List the prime factors of 2230331.
2230331
What are the prime factors of 271640?
2, 5, 6791
What are the prime factors of 93884?
2, 7, 479
List the prime factors of 757296.
2, 3, 1753
What are the prime factors of 8169913?
61, 67, 1999
List the prime factors of 52490.
2, 5, 29, 181
List the prime factors of 879089.
879089
List the prime factors of 1028554.
2, 514277
List the prime factors of 3608568.
2, 3, 50119
What are the prime factors of 1278698?
2, 83, 7703
List the prime factors of 76010.
2, 5, 11, 691
List the prime factors of 6356932.
2, 61, 26053
List the prime factors of 405068.
2, 101267
What are the prime factors of 17316770?
2, 5, 29, 211, 283
List the prime factors of 2283825.
3, 5, 37, 823
List the prime factors of 335834.
2, 167917
List the prime factors of 204033.
3, 23, 2957
List the prime factors of 10521720.
2, 3, 5, 11, 2657
List the prime factors of 202115.
5, 40423
What are the prime factors of 914462?
2, 53, 8627
List the prime factors of 20669886.
2, 3, 1148327
What are the prime factors of 796311?
3, 29, 113
List the prime factors of 12269.
12269
What are the prime factors of 1879868?
2, 113, 4159
What are the prime factors of 26559?
3, 13, 227
List the prime factors of 5417423.
11, 587, 839
What are the prime factors of 19214295?
3, 5, 149, 8597
List the prime factors of 4382114.
2, 11, 139, 1433
What are the prime factors of 2311036?
2, 7, 13, 907
What are the prime factors of 14514580?
2, 5, 53, 13693
What are the prime factors of 660064?
2, 20627
What are the prime factors of 173809?
179, 971
List the prime factors of 14637081.
3, 647, 7541
What are the prime factors of 3117150?
2, 3, 5, 2309
What are the prime factors of 326646?
2, 3, 23, 263
List the prime factors of 333596.
2, 83399
List the prime factors of 160891.
251, 641
What are the prime factors of 16719009?
3, 53, 71, 1481
List the prime factors of 26791.
73, 367
List the prime factors of 152006.
2, 76003
What are the prime factors of 1561459?
43, 36313
What are the prime factors of 199285?
5, 39857
What are the prime factors of 1298891?
11, 118081
List the prime factors of 274532.
2, 68633
What are the prime factors of 401867?
401867
List the prime factors of 163965.
3, 5, 17, 643
List the prime factors of 135197.
135197
What are the prime factors of 16623433?
17, 977849
What are the prime factors of 3492572?
2, 241, 3623
List the prime factors of 24708472.
2, 3088559
What are the prime factors of 4244060?
2, 5, 212203
List the prime factors of 660564.
2, 3, 59, 311
What are the prime factors